or of 542344 and 26488?
88
Calculate the greatest common divisor of 7752 and 224979.
57
Calculate the highest common divisor of 114450 and 5209050.
1050
Calculate the greatest common divisor of 143100 and 180360.
540
Calculate the greatest common divisor of 1225877 and 4002.
23
What is the greatest common factor of 200889 and 24021?
153
What is the highest common divisor of 4725 and 853100?
25
Calculate the highest common factor of 58841 and 8526.
29
Calculate the highest common factor of 112119 and 1869.
21
Calculate the greatest common factor of 63444 and 17687503.
311
What is the greatest common factor of 1775808 and 20256?
96
What is the greatest common divisor of 3588298 and 616?
14
What is the greatest common factor of 36316768 and 17888?
1376
Calculate the greatest common factor of 3079671 and 12243.
1113
Calculate the greatest common factor of 12023050 and 689.
689
What is the greatest common factor of 17 and 8658627?
17
What is the greatest common divisor of 1078260820 and 520?
260
What is the greatest common factor of 1520256089 and 4619?
4619
Calculate the greatest common factor of 58000040 and 22976.
2872
What is the highest common divisor of 2614098 and 13174?
1882
What is the greatest common factor of 147 and 30228051?
147
Calculate the highest common divisor of 54605 and 291607.
163
What is the highest common divisor of 88077753 and 36?
9
What is the highest common divisor of 3360712 and 507848?
1592
What is the highest common divisor of 220 and 2527745?
55
Calculate the highest common divisor of 32 and 9532.
4
What is the highest common factor of 272803 and 206770?
667
What is the greatest common divisor of 28928 and 20000?
32
Calculate the highest common factor of 3834008005 and 95.
95
What is the greatest common factor of 895239 and 665199?
1917
What is the highest common factor of 234134043 and 11895?
2379
Calculate the highest common factor of 16 and 29212496.
16
What is the greatest common factor of 11468652 and 312?
156
What is the highest common divisor of 2166 and 738276?
6
Calculate the highest common factor of 7783 and 102727.
43
What is the highest common divisor of 64185486 and 1223?
1223
What is the greatest common factor of 3253623 and 66501?
2463
What is the greatest common divisor of 1253575 and 2114575?
1025
What is the greatest common factor of 1514946 and 161214?
582
Calculate the highest common factor of 462 and 233178.
66
What is the greatest common divisor of 3252 and 141175011?
813
Calculate the greatest common factor of 406866 and 551.
19
What is the highest common divisor of 5544 and 88264?
88
What is the greatest common divisor of 927573 and 921?
3
What is the greatest common factor of 1132 and 207756243?
283
What is the highest common factor of 2440 and 1306356?
4
What is the highest common factor of 14121214 and 2968?
106
Calculate the greatest common factor of 14 and 1434174.
14
What is the highest common divisor of 1539414 and 2682?
18
Calculate the greatest common divisor of 1823222 and 27002.
1174
What is the greatest common divisor of 218310 and 1731318?
114
Calculate the highest common factor of 20292 and 1327524.
1068
Calculate the highest common divisor of 8 and 720008.
8
Calculate the highest common factor of 11967245 and 874.
437
What is the highest common divisor of 22 and 3610442?
22
What is the greatest common factor of 1015394688 and 4224?
4224
What is the greatest common divisor of 1062 and 3186590?
118
What is the highest common factor of 2057 and 524866177?
2057
Calculate the greatest common divisor of 1003 and 23567491.
1003
Calculate the greatest common factor of 15145 and 301269.
233
Calculate the highest common divisor of 3519 and 218973685.
391
Calculate the highest common factor of 2448 and 4666296.
408
Calculate the highest common divisor of 1734525 and 1575.
225
Calculate the greatest common divisor of 8606163 and 150627.
2553
Calculate the greatest common factor of 632628 and 2349.
9
What is the greatest common factor of 9088035 and 1650?
165
Calculate the highest common divisor of 111951746 and 14044.
7022
Calculate the greatest common factor of 6856 and 2665232.
8
Calculate the greatest common divisor of 293370 and 388080.
2310
Calculate the greatest common divisor of 1350480 and 1563644.
1324
What is the highest common divisor of 23 and 209399130?
23
What is the greatest common divisor of 1612 and 73268?
52
What is the greatest common factor of 29992376 and 744?
248
What is the highest common divisor of 10206 and 44856?
126
Calculate the greatest common divisor of 2415 and 25366194.
483
Calculate the greatest common factor of 2331 and 65478.
21
What is the highest common divisor of 536963346 and 72?
18
Calculate the highest common factor of 2528 and 60880.
16
What is the greatest common factor of 462426 and 21756?
222
Calculate the highest common divisor of 2809 and 4614745987.
2809
What is the highest common divisor of 118512524 and 299?
13
Calculate the highest common divisor of 603897 and 32184.
447
Calculate the highest common divisor of 150418662 and 11198.
1018
Calculate the greatest common factor of 10992387 and 1722.
861
Calculate the greatest common divisor of 9037 and 1585348.
1291
What is the highest common divisor of 74745 and 43947?
9
Calculate the greatest common divisor of 243276 and 19012.
388
What is the highest common divisor of 7656551 and 203?
203
Calculate the greatest common factor of 1593 and 174785553.
1593
Calculate the greatest common factor of 6920488 and 56.
8
What is the greatest common divisor of 23587837 and 86821?
1099
Calculate the highest common divisor of 175945 and 1155.
385
Calculate the greatest common factor of 63828 and 134157.
591
Calculate the highest common factor of 48 and 165026672.
16
What is the highest common divisor of 1411888 and 23840?
16
Calculate the highest common divisor of 96411 and 25241318.
4591
Calculate the highest common divisor of 430 and 522420.
10
Calculate the highest common factor of 6566 and 35145386.
134
What is the highest common divisor of 83723064 and 533200?
10664
What is the highest common divisor of 48192570 and 225?
45
What is the greatest common factor of 483 and 103695753?
483
What is the highest common divisor of 74 and 179702?
2
Calculate the highest common factor of 2434780 and 460960.
1340
What is the greatest common divisor of 2990412 and 13392?
108
Calculate the greatest common factor of 200545 and 243746615.
10555
Calculate the highest common divisor of 2088 and 1624232.
232
What is the highest common factor of 12 and 37249920?
12
What is the highest common divisor of 30 and 682307130?
30
What is the greatest common divisor of 4185104 and 1253?
7
What is the greatest common divisor of 1115749 and 2242?
59
Calculate the highest common factor of 8181915 and 15225.
3045
Calculate the greatest common divisor of 1296 and 1768608.
432
What is the greatest common divisor of 16653 and 21469?
7
What is the greatest common factor of 678 and 101448123?
339
Calculate the highest common divisor of 299249 and 940.
47
Calculate the greatest common factor of 68317 and 550403.
1289
Calculate the greatest common factor of 54 and 601074.
54
Calculate the highest common divisor of 614302 and 4602.
26
Calculate the highest common factor of 4161 and 9466567.
73
Calculate the highest common factor of 145 and 223287965.
145
Calculate the highest common factor of 23809 and 2073025.
821
Calculate the highest common divisor of 784 and 19818400.
112
Calculate the highest common factor of 46763 and 6565.
101
What is the highest common divisor of 25818 and 17004?
78
What is the greatest common factor of 640 and 22424432?
16
What is the highest common factor of 513030 and 219618?
294
What is the greatest common divisor of 919723314 and 31?
31
What is the greatest common divisor of 75159449 and 509?
509
What is the greatest common factor of 33 and 444869733?
33
What is the greatest common divisor of 16099611 and 6?
3
Calculate the greatest common factor of 34 and 1417375.
17
Calculate the highest common divisor of 10242 and 383166.
18
What is the greatest common divisor of 47582939 and 1951?
1951
Calculate the highest common divisor of 150 and 67423755.
15
Calculate the greatest common divisor of 8524 and 8206481.
2